 Give b(g).
-4
Suppose 2*m + 3*m = 5. Let g(j) be the first derivative of j**6/60 + j**5/30 - j**4/24 - 21*j**2/2 - 22. Let o(t) be the second derivative of g(t). Give o(m).
3
Let q(n) = 6. Let f(z) = -7*z. Let i be f(-1). Let c = -5 + i. Let l(w) = w + 19. Let s(r) = c*l(r) - 7*q(r). What is s(6)?
8
Let h(w) = 12*w + 7. Suppose 279*x - 282*x = 9. What is h(x)?
-29
Let j(t) = -t - 2. Suppose q - 11 = -4*x, -3*q + 5*q = x + 4. Suppose -5*g = -2*k - 81, -g + x = -5*k - 5. Suppose 3*b = 8 - g. Calculate j(b).
1
Let x(o) = 2*o - 5*o + 4*o. Let f be x(0). Let q(w) be the first derivative of -w**2/2 + 5*w - 16. What is q(f)?
5
Let h be ((-10)/(50/(-5)))/(1/5). Let x(m) = -7*m**2 + 6*m + 3. Let s(f) = 13*f**2 - 11*f - 6. Let t(g) = -6*s(g) - 11*x(g). Determine t(h).
-22
Let s = -300 + 291. Let a(k) = -2*k + 9*k**2 + 7*k**3 - 6*k**3 - 10 + k. What is a(s)?
-1
Let z(i) = 27*i + 19. Let o(w) = -23*w - 17. Let p(x) = -7*o(x) - 6*z(x). Suppose -2*m + 3 = -9. Give p(m).
-1
Let g = -38 + 71. Let f = -38 + g. Let i(a) = a**3 + 4*a**2 - 4*a + 7. What is i(f)?
2
Suppose f - 2 + 3 = 0. Let s(m) be the first derivative of 5*m**4/4 + m - 28. Let o be s(f). Let g(y) = -y**3 - 3*y**2 + 2*y - 4. Calculate g(o).
4
Let f(w) = -2 + 0*w - 2*w - 2*w. Let b = -100 - -124. Suppose -b = -3*g - 30. Calculate f(g).
6
Let c(w) = w**2 - 7*w + 7. Suppose 2*q + 0*s - 2*s = -6, -4*q = -3*s + 7. Suppose -l = 4*y - 6*l - 10, -4*l + 18 = q*y. Calculate c(y).
-3
Let g(y) = 4*y - 12. Let z(j) = 2*j - 12. Let m(t) = 3*g(t) - 4*z(t). Calculate m(-6).
-12
Let p(c) = -2 + 3*c**2 + 4 + 52*c - 42*c - 4*c**2. Determine p(10).
2
Suppose r + 16 = m, 0 = -3*m - m - 3*r + 43. Suppose 0 = 3*d - 2 - m. Let h(s) = -s**3 + 7*s**2 - 7*s + 1. Give h(d).
16
Let z be (-2 + (-24)/(-16))*(2 + -32). Let f(r) = r - 19. Calculate f(z).
-4
Let v(i) = i**2 - 2*i - 10. Let a(k) = -7*k + 117. Let x be a(16). Give v(x).
5
Let o(g) = -g + 12. Suppose 3*u = -4 + 7. Suppose -17 - u = -3*c. Give o(c).
6
Let v be -5 - (1/(2 - 3) - -1). Let y(h) = 6*h**3 + 7*h - 2. Let r(w) = -w**3 + w**2 - w + 1. Let p(o) = -5*r(o) - y(o). What is p(v)?
7
Let s(b) = -16*b + 13. Let r(j) = 2*j. Let p(m) = -6*r(m) - s(m). Calculate p(9).
23
Let n(i) = -4*i - 3. Let y(a) = 2*a**2 - 10*a - 1. Let j be y(7). Let q be (-6)/j + 237/(-27). Let b = q - -6. What is n(b)?
9
Let p = 86 - 85. Let z(q) = p + 94*q + 14*q**2 - 94*q. What is z(-1)?
15
Let q(j) = -5*j + 23. Let z(p) = -4*p + 18. Let t(i) = -3*q(i) + 4*z(i). What is t(-6)?
9
Let v(k) be the first derivative of -k + 1/3*k**3 + 11 + 3/2*k**2 - 1/2*k**4. Calculate v(2).
-7
Let p(q) = -q - 11. Let o be 1/(4 - ((-128)/(-14) - 5)). Calculate p(o).
-4
Let i(t) = -5*t**3 + 9*t**2 + 2*t + 2. Let z = -32 - -39. Let w(n) = 6*n**3 - 10*n**2 - 2*n - 2. Let q(s) = z*i(s) + 6*w(s). Give q(-2).
2
Let y be (3/8)/((-15)/(-6)). Let d(b) be the second derivative of 0*b**2 + 0 - 1/6*b**3 + 3*b + 0*b**4 - y*b**5. Calculate d(-1).
4
Suppose -9*u - 45 + 45 = 0. Let q(l) = -3*l - 4. Determine q(u).
-4
Let c(w) be the first derivative of w**3/3 + 5*w**2/2 - 3*w - 80. Determine c(-6).
3
Let w be (18 - 15)*(0/(-1) - -1). Suppose -2*t = -0*t - 2. Let p(f) = w*f - t + 2 - 4*f - f**2. Determine p(0).
1
Let p(q) = 2*q + 0*q - 5*q + 4. Suppose -7*n + 3*n + 12 = 0. Give p(n).
-5
Let i(t) = -t - 18. Let v(z) = -z**2 - 19*z - 8. Let m be v(-19). Give i(m).
-10
Suppose 0 = -5*q - 38 - 7. Let i(n) = n**2 + 7*n - 9. What is i(q)?
9
Let w be (-8)/(-3) - 26/(-78). Let d(v) = 2*v**2 - 4*v + 4. What is d(w)?
10
Let x = -163 - -169. Let j(b) = -2*b**2 + 7*b. What is j(x)?
-30
Let q(i) = i**3 + 5*i**2 + 5*i + 5. Suppose -4*k - 31 = g + 4*g, -5*k = 3*g + 29. Determine q(g).
8
Let j be -1 - 10/(-14) - (-4242)/98. Let n(f) = 0 - 1 + 42*f - j*f + 2 + 3*f**3. Determine n(1).
3
Let s(u) = u**2 - 32*u - 68. Let i be s(34). Let w(t) be the second derivative of 1/20*t**5 + i + 1/3*t**3 - 9/2*t**2 + 5*t - 1/2*t**4. What is w(6)?
3
Let x(w) = -3 - 2*w**3 + 8*w**2 - 4*w - 2*w**2 + w**3. Suppose -23*u + 60 = -9*u - 2*u. Determine x(u).
2
Let j(q) = -2*q + 32. Let d = -46 - -59. Let w be j(d). Let l(a) = a**2 - 6*a + 1. Determine l(w).
1
Let u(j) = 9*j**2 - 14*j - 6. Let v(m) = 1 - 17*m + 4*m**2 - 5 + 8*m + 2*m**2. Let z(s) = 5*u(s) - 8*v(s). Calculate z(2).
-6
Suppose 32 - 158 = -21*q. Let r(d) = d**3 - 5*d**2 + 6. What is r(q)?
42
Let w(h) be the second derivative of h**5/20 - h**4/12 + h**3/6 - 6*h**2 - 64*h. What is w(0)?
-12
Let s(i) = -i - 163 + 311 - 165. Calculate s(-8).
-9
Let c(u) = 7*u**3 + 11*u**2 + 4*u - 11. Let f(i) = 6*i**3 + 11*i**2 + 5*i - 10. Let a(p) = 5*c(p) - 6*f(p). Give a(-10).
5
Let b(a) be the second derivative of a**4/12 + a**3 - a**2 - 175*a. Determine b(-7).
5
Let o(w) = -2*w - 14. Let v(s) = 0*s + 45 - 52 - s. Let t(q) = -3*o(q) + 5*v(q). Suppose 30 = -5*x - 0. Give t(x).
1
Let z = 271 + -266. Let q(i) = -i**2 + 3*i - 5. What is q(z)?
-15
Let y(q) = -q**2 + 5*q. Let w(v) = -v + 5. Let i be w(5). Suppose -5*t + 3*k + 20 + 12 = i, 3*t = 2*k + 20. Calculate y(t).
4
Let r(b) = -b**2 - b - 4. Let c be r(0). Let q(o) = 8*o**2 - 7*o + 1. Let m(p) = 3*p**2 - 4*p. Let d(g) = -5*m(g) + 2*q(g). What is d(c)?
-6
Let p(f) = f**2 + 5*f**2 + 2*f**3 + 5*f + 0*f**2 - f**3 - 4. Let l(i) = i**2 - i - 3. Let b be l(0). Let s be -7 + 0/3 - b. Calculate p(s).
8
Let z(u) = u**2 + 2*u - 1. Suppose 8 = -5*v - 17, -3*c - 2*v = 4. Suppose 6*m = -10 - c. What is z(m)?
-1
Let c(s) be the first derivative of -3*s + 0*s**2 - 2*s**3 - 18 + 1/4*s**4. Calculate c(6).
-3
Let d(y) = 2*y. Let i be d(1). Let p(g) = g + 3. Let c(u) = 8*u + 12. Let a(n) = c(n) - 4*p(n). Give a(i).
8
Suppose q - 7 = 19. Let a(d) = d + 28 - 5*d - q. Determine a(2).
-6
Let z(h) = -11*h - 3. Let k be z(-1). Let o(x) = 2*x - 3 + k + 2. Let g(i) = -i**2 + 5*i - 5. Let c be g(5). What is o(c)?
-3
Let i(z) = 2*z**2 - 5*z - 4. Let f = 413 - 409. Give i(f).
8
Suppose 965*f - 951*f = 182. Let r(d) = -d**3 + 14*d**2 - 10*d - 18. What is r(f)?
21
Let a(d) = -d. Let m(n) = n**2 - 13*n. Let f be m(10). Let t = f + 23. Give a(t).
7
Let p = 962 - 953. Let k(c) = c**3 - 8*c**2 - 11*c + 15. Determine k(p).
-3
Suppose 4 = -3*j - 29. Let y(d) = -5*d**3 - 11*d**2 + d - 11. Let q(c) = 9*c**3 + 21*c**2 - c + 21. Let s(z) = j*y(z) - 6*q(z). Calculate s(6).
1
Let p(h) be the third derivative of -2/3*h**3 + 1/24*h**4 + 0 - 13*h**2 + 0*h. What is p(7)?
3
Let r(i) = -i**2 + 2*i + 7. Let w be r(4). Suppose 3 = -q - 0*q - 2*a, 5*q + 2*a = 1. Let x = q - w. Let c(p) = 3*p**2 - 3*p. What is c(x)?
6
Let d = -99 - -99. Let v be d/(-3 + 1 + (3 - 3)). Let h(z) = z + 7. Calculate h(v).
7
Let n(z) = -z**3 - z**2 - 1. Let w = 7 + -9. Let d be n(w). Suppose -d*h - 4*t + 32 = h, -5*h - t + 32 = 0. Let s(q) = -q**2 + 7*q + 2. Give s(h).
8
Let b(f) = -f**3 - 4*f**2 + 4*f - 3. Suppose 0 = -456*j + 448*j - 32. Determine b(j).
-19
Let n(j) be the third derivative of -j**4/24 - 11*j**3/6 + 94*j**2. Determine n(-5).
-6
Let k(f) = 5*f**2 - 3*f - 9. Let j(n) = 2*n**2 - n. Let u(l) = 2*j(l) - k(l). What is u(0)?
9
Let w(r) = 5*r**2 - 3*r - 25 - 28 + 52 + r**3. Calculate w(-6).
-19
Suppose -5*m - 99 = -124. Let u(y) = -y**2 + 6*y - 4. Let f(s) = -s**2 + 6*s - 4. Let j(a) = -4*f(a) + 5*u(a). Determine j(m).
1
Let b(q) = -q**2 - 4*q - 4. Let g = 637 - 638. What is b(g)?
-1
Let p be (-1)/3 + (-120)/(-36). Let n(l) = -2*l - p*l - l + 7*l. Determine n(-4).
-4
Suppose 5*y + 0*y = 3*t + 25, 4*y + 2*t = 20. Let g(a) = a - 4. Let d(c) = -c + 1. Let x(h) = 3*d(h) + g(h). What is x(y)?
-11
Let b = 15 - 16. Let i be (b - -17)/(-1*1). Let x be i/6*3/(-4). Let f(p) = 3*p. Give f(x).
6
Suppose -6*d + 8*d + 34 = 0. Let v = -23 - d. Let a(q) = q**2 + 5*q + 2. Give a(v).
8
Suppose -5*y + 2*y + 22 = 2*j, 17 = 5*j - 2*y. Let n(t) = 0 - 1 + 6 - 7*t - 3 + 1. Let h(z) = 7*z - 4. Let l(f) = j*n(f) + 4*h(f). Determine l(1).
-8
Let y(u) = -7*u - 3. Let s be y(-3). Suppose -4*p + p - s = 0. Let z(h) be the third derivative of h**4/12 + 5*h**3/6 + 2*h**2 + 10. Give z(p).
-7
Suppose 434*f - 54 = 425*f. Let u(h) = -h**3 + 7*h**2 - 5*h + 9. Determine u(f).
15
Let s(o) = -3*o - 1. Let r be (1*3)/(3/(-12)). Let h be (3*4/r)/(-1). Determine s(h).
-4
Let b(z) = -z**2 - 2*z. Let u(t) = t**3 + 7*t**2 + 6*t. Let p be u(-6). Suppose 5*s + 10 = -5*o, -o = -p*